mainder when 4169 is divided by 6?
5
Calculate the remainder when 294 is divided by 15.
9
Calculate the remainder when 559 is divided by 113.
107
What is the remainder when 2131 is divided by 11?
8
Calculate the remainder when 4948 is divided by 28.
20
What is the remainder when 208 is divided by 14?
12
Calculate the remainder when 380 is divided by 70.
30
Calculate the remainder when 234 is divided by 30.
24
Calculate the remainder when 1528 is divided by 34.
32
Calculate the remainder when 580 is divided by 83.
82
What is the remainder when 11202 is divided by 3734?
0
Calculate the remainder when 1888 is divided by 63.
61
Calculate the remainder when 123 is divided by 64.
59
Calculate the remainder when 82 is divided by 17.
14
Calculate the remainder when 19 is divided by 7.
5
What is the remainder when 328 is divided by 174?
154
What is the remainder when 533 is divided by 230?
73
What is the remainder when 267 is divided by 96?
75
What is the remainder when 1793 is divided by 23?
22
Calculate the remainder when 502 is divided by 72.
70
What is the remainder when 53 is divided by 26?
1
Calculate the remainder when 251 is divided by 88.
75
What is the remainder when 156 is divided by 93?
63
Calculate the remainder when 7378 is divided by 30.
28
Calculate the remainder when 1778 is divided by 13.
10
What is the remainder when 570 is divided by 26?
24
What is the remainder when 245 is divided by 19?
17
What is the remainder when 300 is divided by 80?
60
Calculate the remainder when 138 is divided by 47.
44
What is the remainder when 148 is divided by 6?
4
Calculate the remainder when 51 is divided by 27.
24
Calculate the remainder when 4414 is divided by 4402.
12
What is the remainder when 100 is divided by 17?
15
Calculate the remainder when 83 is divided by 21.
20
What is the remainder when 69 is divided by 42?
27
Calculate the remainder when 1754 is divided by 105.
74
Calculate the remainder when 939 is divided by 21.
15
What is the remainder when 414 is divided by 107?
93
What is the remainder when 580 is divided by 53?
50
What is the remainder when 10622 is divided by 55?
7
Calculate the remainder when 1297 is divided by 127.
27
Calculate the remainder when 148 is divided by 32.
20
Calculate the remainder when 93 is divided by 10.
3
Calculate the remainder when 2840 is divided by 237.
233
What is the remainder when 702 is divided by 270?
162
Calculate the remainder when 1164 is divided by 414.
336
Calculate the remainder when 49 is divided by 8.
1
Calculate the remainder when 88 is divided by 15.
13
What is the remainder when 2238 is divided by 16?
14
What is the remainder when 478 is divided by 97?
90
Calculate the remainder when 50 is divided by 18.
14
What is the remainder when 55 is divided by 20?
15
Calculate the remainder when 611 is divided by 200.
11
Calculate the remainder when 186 is divided by 124.
62
Calculate the remainder when 826 is divided by 69.
67
Calculate the remainder when 14 is divided by 6.
2
What is the remainder when 892 is divided by 15?
7
Calculate the remainder when 155 is divided by 12.
11
Calculate the remainder when 85 is divided by 43.
42
Calculate the remainder when 470 is divided by 118.
116
Calculate the remainder when 117 is divided by 60.
57
Calculate the remainder when 227 is divided by 4.
3
What is the remainder when 84 is divided by 45?
39
Calculate the remainder when 12193 is divided by 7.
6
What is the remainder when 40 is divided by 22?
18
What is the remainder when 1321 is divided by 280?
201
Calculate the remainder when 549 is divided by 25.
24
What is the remainder when 1855 is divided by 93?
88
What is the remainder when 486 is divided by 34?
10
Calculate the remainder when 345 is divided by 71.
61
What is the remainder when 168 is divided by 39?
12
Calculate the remainder when 587 is divided by 147.
146
Calculate the remainder when 1782 is divided by 354.
12
Calculate the remainder when 72 is divided by 55.
17
Calculate the remainder when 488 is divided by 73.
50
Calculate the remainder when 2815 is divided by 10.
5
Calculate the remainder when 981 is divided by 82.
79
Calculate the remainder when 254 is divided by 40.
14
What is the remainder when 284 is divided by 170?
114
Calculate the remainder when 188 is divided by 8.
4
What is the remainder when 883 is divided by 178?
171
Calculate the remainder when 9088 is divided by 90.
88
What is the remainder when 42 is divided by 32?
10
What is the remainder when 1044 is divided by 3?
0
What is the remainder when 23743 is divided by 106?
105
Calculate the remainder when 26087 is divided by 117.
113
Calculate the remainder when 69 is divided by 54.
15
What is the remainder when 518 is divided by 20?
18
Calculate the remainder when 1004 is divided by 3.
2
What is the remainder when 5200 is divided by 37?
20
Calculate the remainder when 697 is divided by 157.
69
Calculate the remainder when 103 is divided by 17.
1
Calculate the remainder when 137 is divided by 101.
36
What is the remainder when 741 is divided by 62?
59
Calculate the remainder when 290 is divided by 28.
10
What is the remainder when 136 is divided by 72?
64
Calculate the remainder when 4295 is divided by 172.
167
Calculate the remainder when 115 is divided by 17.
13
What is the remainder when 185 is divided by 101?
84
Calculate the remainder when 738 is divided by 13.
10
What is the remainder when 285 is divided by 16?
13
What is the remainder when 189 is divided by 48?
45
What is the remainder when 1219 is divided by 194?
55
Calculate the remainder when 284 is divided by 88.
20
Calculate the remainder when 772 is divided by 381.
10
Calculate the remainder when 80 is divided by 34.
12
Calculate the remainder when 282 is divided by 70.
2
What is the remainder when 555 is divided by 195?
165
Calculate the remainder when 158 is divided by 8.
6
Calculate the remainder when 822 is divided by 167.
154
Calculate the remainder when 428 is divided by 76.
48
What is the remainder when 601 is divided by 14?
13
Calculate the remainder when 58 is divided by 16.
10
What is the remainder when 466 is divided by 13?
11
Calculate the remainder when 274 is divided by 115.
44
What is the remainder when 44909 is divided by 6?
5
Calculate the remainder when 169 is divided by 126.
43
What is the remainder when 363 is divided by 28?
27
Calculate the remainder when 93 is divided by 39.
15
Calculate the remainder when 538 is divided by 269.
0
What is the remainder when 35 is divided by 12?
11
What is the remainder when 208 is divided by 99?
10
Calculate the remainder when 2098 is divided by 681.
55
Calculate the remainder when 19186 is divided by 36.
34
Calculate the remainder when 1776 is divided by 104.
8
What is the remainder when 131 is divided by 24?
11
Calculate the remainder when 4561 is divided by 760.
1
What is the remainder when 4419 is divided by 33?
30
Calculate the remainder when 372 is divided by 87.
24
What is the remainder when 827 is divided by 144?
107
Calculate the remainder when 185 is divided by 90.
5
Calculate the remainder when 15207 is divided by 338.
335
Calculate the remainder when 1914 is divided by 128.
122
What is the remainder when 146 is divided by 39?
29
What is the remainder when 25 is divided by 9?
7
Calculate the remainder when 38 is divided by 21.
17
Calculate the remainder when 154 is divided by 16.
10
Calculate the remainder when 6771 is divided by 52.
11
Calculate the remainder when 77 is divided by 13.
12
What is the remainder when 7342 is divided by 147?
139
Calculate the remainder when 724 is divided by 236.
16
What is the remainder when 201 is divided by 89?
23
Calculate the remainder when 419 is divided by 96.
35
Calculate the remainder when 60863 is divided by 235.
233
Calculate the remainder when 688 is divided by 15.
13
What is the remainder when 272 is divided by 55?
52
What is the remainder when 2619 is divided by 870?
9
What is the remainder when 38 is divided by 16?
6
What is the remainder when 753 is divided by 27?
24
What is the remainder when 1535 is divided by 255?
5
Calculate the remainder when 59998 is divided by 300.
298
Calculate the remainder when 319 is divided by 30.
19
What is the remainder when 303 is divided by 56?
23
What is the remainder